ctors of y.
2, 3, 41
Let o be 1/(-2) - (-18)/(-4). Let p = 9 + o. Suppose 0 = 5*b - x - 10, 0 = -0*b + b + p*x - 2. What are the prime factors of b?
2
Let i(t) = 2*t**2 - t + 4. What are the prime factors of i(3)?
19
Let y be 11*-1*(-3)/(-3). Let g = y + 41. Suppose g = 3*n + n - f, -4*n + 5*f = -38. List the prime factors of n.
7
Suppose -q = 2*w - 12, -w + 23 - 3 = 4*q. Suppose -4*m = -3*v - 0 + 1, 20 = q*m + 4*v. List the prime factors of m.
2
Let m(s) = -s**2 - 5*s - 2. Suppose 12 = -2*p + 4*u, -p = 3*p + 4*u. Let x be m(p). Suppose 8*z - 12 = x*z. What are the prime factors of z?
3
Let p(f) = -6*f - 5. What are the prime factors of p(-6)?
31
Let w(z) = 8*z**3 - 2*z**2 + 1. List the prime factors of w(1).
7
Let x(s) be the third derivative of s**7/5040 + s**6/240 + s**5/30 + 2*s**2. Let b(f) be the third derivative of x(f). What are the prime factors of b(0)?
3
Let z(h) = h**3 + 3*h - 8 - 6 - 5*h**2 - h**2 - 4*h**2. What are the prime factors of z(10)?
2
Let x(o) = 4*o**2 + 3*o + 4. Let c be x(3). Suppose 5*u - c = -9. List the prime factors of u.
2
Let t be 1/((-34)/18 + 2). Suppose -12*c = -t*c - 81. What are the prime factors of c?
3
Let j = 17 + -39. Let o = 31 + j. What are the prime factors of o?
3
Let k(b) = 2*b**3 + 2*b + b - 4*b - b**2 - 4 - 3*b**3. Let w be k(0). List the prime factors of (2/(w/22))/(-1).
11
Suppose u - 3*m = 59, -3*m + 156 = 4*u + m. Let h = 5 + -5. Suppose h = 5*n - 51 - u. What are the prime factors of n?
19
Let x(m) = -m**2 - 3*m + 3. Let b be x(-3). Suppose -5*t - 4*p + 15 = 2, b*t + 4*p = 3. List the prime factors of t.
5
Let a(y) = -5*y**2 + 2*y + 1. Let r be a(-1). List the prime factors of r/((-3)/(-1)) - -17.
3, 5
Let r = 36 + -25. Suppose -2*j = -4*l + r - 1, l = j + 1. What are the prime factors of l?
2
Let j(x) be the third derivative of -3*x**2 + 0 + 1/6*x**3 - 11/24*x**4 + 0*x. What are the prime factors of j(-2)?
23
Let f be (138/9)/((-2)/(-6)). Let d be (-1)/(-3) + f/6. Let x = d - 4. What are the prime factors of x?
2
What are the prime factors of 89/2 + (-3)/6?
2, 11
Let j = -12 + 8. Let a = 14 - j. Suppose h = i - 4 - 14, 2*h = -i + a. List the prime factors of i.
2, 3
Let z be -1 - (-9)/3*-1. List the prime factors of (z - -27) + -3*1.
2, 5
Suppose 4 = -4*d + 2*g, 5*g - 33 = -5*d - 8. Let l(t) = 2*t**2 - t + 1. List the prime factors of l(d).
2
Let p(n) = 13*n - 2. Let z = 6 + -3. Let h be p(z). Let r = -25 + h. What are the prime factors of r?
2, 3
Let o(w) = 66*w + 8. List the prime factors of o(2).
2, 5, 7
Let g(s) = s**2 + 8*s + 2. Let r = -3 + 7. Let a be 2/(-1)*18/r. What are the prime factors of g(a)?
11
Suppose 69 = -2*s + 249. What are the prime factors of s?
2, 3, 5
Let h = -8 + 19. Let v(x) = -x**3 + 12*x**2 - 10*x + 10. List the prime factors of v(h).
3, 7
Let r(l) = -45*l**3 - 3*l**2 + 1. List the prime factors of r(-1).
43
Suppose 0*o = -5*j - 3*o + 932, 0 = j - 5*o - 164. What are the prime factors of j?
2, 23
Let n = 17 + -11. Suppose -3*t = -n*t + 69. What are the prime factors of t?
23
Let j(u) = u - 2. Let z be j(2). Suppose z = 3*a - 2*a - 6. Suppose 2*n = a*n - 40. List the prime factors of n.
2, 5
Let s(m) = m - 10. Let v be s(10). Suppose v = -2*f + 263 - 19. List the prime factors of f/10 + (-6)/30.
2, 3
Suppose -a = -10 + 3. Let h = a - 1. List the prime factors of h.
2, 3
Let l be 2 - (-2 + 4)*1. Suppose -5*y = -2*c + 28, c + 2*y + 1 + 3 = l. Suppose -3*i + i + 25 = 3*g, -c*i + 17 = -5*g. What are the prime factors of i?
2
Let j be 645/12 - 1/(-4). Let v = j + -36. What are the prime factors of (-70)/(-9) + 4/v?
2
Let v(l) = 2*l**3 + 3*l**2 + 10. What are the prime factors of v(3)?
7, 13
Suppose 7*o = -o + 800. List the prime factors of o.
2, 5
Let p be (-3*20/2)/1. Let c = 11 + p. Let f = c - -28. What are the prime factors of f?
3
What are the prime factors of (-53)/(-2) - 2*2/8?
2, 13
Let z be 4*-1*(-5 + -3). Suppose 0 = 3*a + 2 - z. Let i(x) = x**3 - 11*x**2 + 10*x + 5. What are the prime factors of i(a)?
5
Let l(n) be the second derivative of -n**4/12 + 4*n**3/3 - 4*n**2 + 2*n. Let u = 8 - 2. List the prime factors of l(u).
2
Let q(j) = 153*j**2 - 4*j. What are the prime factors of q(-1)?
157
Suppose -6*u - 4*b = -2*u - 32, 2*b - 4 = 0. List the prime factors of 4/u - (-50)/15.
2
Suppose 256 = -3*t - t. Let o = t + 101. What are the prime factors of o?
37
Suppose d - 3*j - 4 = 0, 3*j + 12 = -3*d + 6*d. Suppose 7 = 5*x - 4*c - 23, 30 = x + d*c. Suppose -9 = -f + x. What are the prime factors of f?
19
Let p = -3 + 3. Suppose -j + 0*j = p. Suppose -3*b - b - 5*d + 30 = j, 3*d + 6 = 0. What are the prime factors of b?
2, 5
Let f(l) = l - 1. Let g be f(3). Suppose g*j + 3*a = 4*a - 9, 0 = -5*j - 3*a - 39. List the prime factors of 14 + 3/j*0.
2, 7
Suppose r - 3 = -0. Suppose d = r*d + 6. What are the prime factors of (-9)/(9/d)*1?
3
What are the prime factors of (9/3 + 0)/1?
3
Suppose 5 = 5*v - 5*a, -4 = -8*a + 4*a. Suppose v*k - y = 3*y - 8, 2 = y. Suppose 12 = 2*i + g - k*g, 5*i + 5*g - 25 = 0. List the prime factors of i.
7
List the prime factors of (20/(-2))/((-14)/140).
2, 5
Suppose -4*s - 27 = m - 341, 2*s - 146 = 5*m. List the prime factors of s.
2, 3, 13
Suppose -25 - 74 = -3*y. What are the prime factors of y?
3, 11
Let v = -2 + 5. What are the prime factors of v?
3
Let o(x) = -12*x + 4. What are the prime factors of o(-3)?
2, 5
Let m = 125 - 61. List the prime factors of m.
2
Suppose y = -3 - 6. Let j(o) = -5*o - 8. What are the prime factors of j(y)?
37
List the prime factors of (-35)/(-7) - (-139 - 3).
3, 7
Let g be ((-9)/(-2))/(15/140). Suppose 0 = 3*b + 3*j - g, 0*b + 2*j - 37 = -3*b. List the prime factors of b.
3
Let b(r) be the third derivative of -r**6/120 + r**5/10 + r**4/3 + r**3/6 - 3*r**2. What are the prime factors of b(7)?
2
Suppose -2*a - 4*z = -26, -5*a + 2*z - 12 + 53 = 0. Suppose h - a - 8 = -2*j, -5*j + 40 = 2*h. List the prime factors of j.
2, 3
Suppose 4*u - 3*x = -8*x + 2, 3*x = -3*u. Let j(h) = 4*h**2 - h - 1. List the prime factors of j(u).
17
Suppose h + 260 - 66 = x, 3*x - 2*h - 584 = 0. What are the prime factors of x?
2, 7
Suppose 0 = 2*i - 2*b - 29 + 3, i - 22 = -2*b. Let v = -11 + i. Suppose -28 = -3*z - 4*w, v*w + 2 = 7. List the prime factors of z.
2
Suppose -3*y + w = -21, w = -1 - 2. What are the prime factors of y?
2, 3
Suppose -4*r = 5 - 1. What are the prime factors of (5/(5/(-41)))/r?
41
Let v = 373 - 90. List the prime factors of v.
283
Suppose 3*n - 16 = -7. Let l = 7 - 5. Suppose -n + 40 = l*y - 5*x, 3*x - 13 = -2*y. What are the prime factors of y?
11
Let v = -78 - -148. What are the prime factors of v?
2, 5, 7
List the prime factors of (5*(-2)/6)/((-10)/540).
2, 3, 5
Let l be (2 - 0)*(-21)/6. List the prime factors of (-2)/l - 410/(-35).
2, 3
Let c(l) = -l**3 - l**2 + 12. List the prime factors of c(0).
2, 3
Suppose -102 = -2*y + o - 14, 0 = -y + 4*o + 30. What are the prime factors of y?
2, 23
Let j(s) = 11*s**3 - 12*s**2 - 3*s - 21. Let d(t) = -4*t**3 + 4*t**2 + t + 7. Let p(h) = 8*d(h) + 3*j(h). List the prime factors of p(5).
13
Let n(l) = -2*l - 12. What are the prime factors of n(-12)?
2, 3
Let r = 11 - 2. Let l be 2/4 - r/(-6). Suppose -4*o + 27 = l*g - o, -4*g + 42 = 2*o. What are the prime factors of g?
3
Let k = -3 - -4. List the prime factors of 6 + k/1 + 0.
7
Let x be ((-9)/36)/((-1)/20). Suppose 0 = -3*y + 40 + x. List the prime factors of y.
3, 5
Let j = 23 + 34. What are the prime factors of j?
3, 19
Suppose 11*r + 55 = 209. List the prime factors of r.
2, 7
Let k(x) = 2*x + 10. List the prime factors of k(-4).
2
Suppose 129 = 3*g + 6. List the prime factors of g.
41
Let w = 1 + -3. Let j = 109 - 103. Let t = j + w. What are the prime factors of t?
2
Let m = -3 - -7. Let c = -2 + m. Suppose c*k - 18 = k. What are the prime factors of k?
2, 3
Let p = 302 - 137. Suppose -n = -6*n + p. What are the prime factors of n?
3, 11
Suppose 2*p - 3*p = 25. Suppose 0*c - 4 = -4*c, 2*c - 119 = -3*x. Let y = p + x. List the prime factors of y.
2, 7
Let a(y) = -3*y - 7. Let v be a(-4). Suppose 2*q - 20 = -f + 5*f, 0 = -v*f - 5. What are the prime factors of q?
2
Let h be 3 - 1 - (-1 + -14). Let n = h + -9. Suppose 2*w = n + 6. What are the prime factors of w?
7
Let j = -1 + 16. What are the prime factors of (j/